se 7*f = 3*f + 764. Is f a composite number?
False
Let x be ((-1)/(-1)*1)/(-1). Let v = -31 + 16. Let z = x - v. Is z a prime number?
False
Suppose -120 - 644 = -4*r. Is r a composite number?
False
Suppose 306 = -3*k + 1227. Is k a composite number?
False
Let b(h) = 5*h**2 + 10*h + 9. Suppose -w - 6 + 23 = 3*d, 5*w = 3*d - 5. Suppose 36 = -4*a - d*z - 8, 0 = -5*a - 2*z - 38. Is b(a) a composite number?
True
Let c(a) = 6*a**2 - 2 - 13*a**2 + 6*a**2 + 12*a**2. Is c(3) composite?
False
Let t(x) = -x**3 - x**2 + 9*x + 1. Is t(-6) prime?
True
Suppose 4*h = 11 + 833. Is h a prime number?
True
Suppose -413 = -10*c + 3*c. Is c prime?
True
Let a = -37 + -35. Suppose 5*o + 225 = -5*p, p - 21 = 2*p - 5*o. Let d = p - a. Is d prime?
True
Let b be (-1 - (2 + -1)) + 4. Suppose 4*s = -0*s - l - 248, -3*l + 138 = -b*s. Let d = -42 - s. Is d a composite number?
True
Let h(f) = -3*f**2 - 4*f + 1. Let y(a) = -16*a**2 - 19*a + 4. Let l(j) = -11*h(j) + 2*y(j). Is l(4) composite?
False
Suppose y - 2*g = 1, 4*y + g + 2 = 5*y. Suppose -h = 3*j - 4, -2*j = y*j. Suppose h*i - 38 = 2*i. Is i a composite number?
False
Suppose 2*d + y - 101 = 0, -5*d + y + 290 = -4*y. Is d prime?
True
Suppose 0 = 33*x - 30*x - 807. Is x a composite number?
False
Suppose -5*p = -0*x + 3*x - 5919, 0 = 5*p. Is x a prime number?
True
Let v be 2*4/(4/(-5)). Is 6/v + 792/20 prime?
False
Let c(m) = -6*m + 5 + 0 - 2*m. Suppose 4*v - f + 25 = 0, -v - 5*f + 10*f = 11. Is c(v) prime?
True
Suppose -c = 2*c. Suppose -u - 4 = -c. Is 2*(-10)/u*7 composite?
True
Suppose s + 5 = -x + 12, 2*s = 3*x - 11. Suppose -s*q = q + 90. Let m = q - -51. Is m prime?
False
Let n = 23 + 354. Is n prime?
False
Suppose m = -4*n + 111, -3*m + 0*m + 3*n + 333 = 0. Is m a composite number?
True
Suppose 0 = -0*t + t + 3*z - 14, z = -t + 6. Let h(j) = -2 + 18 - t - j. Is h(0) a composite number?
True
Let n = 3 - 6. Let z = n - 1. Is z*2/(-4) - -21 composite?
False
Let y(m) = -m + 67. Let k be (2 - 2)/(2/2). Is y(k) a prime number?
True
Let b(v) = 26*v**2 - 3*v - 4. Suppose 5*o = 28 - 13. Is b(o) a prime number?
False
Let n = 9 + -9. Suppose 5*c - 156 - 649 = n. Is c a composite number?
True
Let a(n) = -n**3 + 15*n**2 + 2*n + 9. Is a(14) prime?
True
Let m be (2 - 2)/3*1. Let l = m + 205. Is l composite?
True
Let u(b) = -17*b**3 + 5*b + 5. Is u(-3) a prime number?
True
Let f(r) = -34*r - 12. Is f(-7) composite?
True
Let w(s) = 4*s - 3. Let x be w(6). Let k(u) = 4 - 3 - 6 - x*u - 17*u. Is k(-5) prime?
False
Suppose -2*u + 1241 = 5*d + 2*u, 3*d + 2*u = 745. Is d prime?
False
Suppose w - 72 = 5*m - 2*m, 2*m = -3*w + 183. Suppose 2*p + 3*p - 3*v = 210, 2*p + 3*v = w. Is p composite?
True
Suppose -a + 8 = -0*a. Suppose 0 + a = -j. Let z(t) = 2*t**2 + 12*t + 3. Is z(j) prime?
False
Suppose -305 = -v + 144. Is v a prime number?
True
Let c(f) = -f**2 + 9*f + 1. Let r be c(8). Is (158/3)/(6/r) a composite number?
False
Let d(b) = 3*b**3 - 1. Let k be d(1). Suppose -4*z + 2 = -k*z. Is z + (-2)/(-2) + 2 a composite number?
True
Let m(t) = 34*t + 25. Is m(3) a composite number?
False
Let f(r) = 58*r - 10. Let u be f(8). Suppose 121 = k + 4*x, -4*k + x - u = -8*k. Is k a prime number?
True
Let h = 1029 + -400. Is h prime?
False
Let g(o) = 23*o**2 + o - 1. Is g(1) prime?
True
Let p(b) = -3029*b - 10. Is p(-1) a composite number?
False
Let b(j) = 11*j**3 - j**2. Let o be b(-2). Let n = 251 + o. Is n a prime number?
False
Let o(v) = 95*v - 15. Is o(8) a composite number?
True
Let m = -12 + 14. Let j(l) = 2*l**3 + 3*l**2 - 2. Is j(m) prime?
False
Suppose 0 = 6*h - 2*h. Suppose h*t + 98 = 2*t. Is t prime?
False
Let o(c) = -c**3 + 4*c**2 + 6*c - 1. Let b be o(5). Suppose -24 = b*p - 244. Is p a composite number?
True
Let l(j) = j - 8. Let v be (0/(1 - -2))/2. Let n be l(v). Let a(k) = -k**2 - 13*k + 6. Is a(n) a prime number?
False
Let z be (-2)/4 - 11/(-2). Let s(c) = -c**3 + 5*c**2 + 2*c - 3. Is s(z) composite?
False
Suppose 0 = s + 3*s - 4. Is (52 - (3 - s)) + 1 a prime number?
False
Let k = -89 - -168. Is k composite?
False
Let z(x) = 3*x**2 - 2*x + 1. Let y(p) = p**2 - p. Let v(u) = -17*y(u) + 6*z(u). Let d be v(-4). Suppose 0 = 2*a + 2*r - 104, -5*a = d*r - r - 272. Is a prime?
False
Suppose 0 = a - 2, -31 = 2*t - 4*a + 19. Let i = t - -44. Is i a prime number?
True
Let m(w) = 20*w**2 - 1. Suppose -p - 16 = p. Let x be p/6 + 5/15. Is m(x) composite?
False
Suppose -n + 5 = 0, -2*l - 2*l = 2*n - 666. Suppose 5*y = -3*j + l, 207 = 4*j - 0*y - 5*y. Is j composite?
False
Let s = -17 + 18. Is s*-1 + 36 + 3 a prime number?
False
Let s(x) = -22*x**3 - 2*x**2 + 2*x + 2. Let i be s(-2). Suppose 2*t + 12 - i = 0. Is t a prime number?
False
Suppose 9*z + 1200 - 6069 = 0. Is z a composite number?
False
Let u be (64 - 1) + (-8 - -6). Let f = 110 - u. Is f prime?
False
Let a(i) be the third derivative of 16*i**5/15 - i**4/8 + i**3/6 + 12*i**2. Let j = 2 + 0. Is a(j) a prime number?
True
Is 3 - (0 - 1 - 144) - -1 a prime number?
True
Suppose -4*c + 52 + 44 = 0. Suppose 3*m + 97 = 2*f, -m + c = f - 22. Is f a prime number?
True
Suppose -12 = -2*j - 4. Is j/12 - 208/(-6) prime?
False
Suppose 0 = -0*g - 3*g - 5*w + 157, -w - 4 = 0. Suppose -y + g = -62. Is y a composite number?
True
Suppose 3*w - 8*w + 1954 = 4*n, -4*w + 2447 = 5*n. Is n prime?
True
Suppose 2*v = 5*v - 633. Is v prime?
True
Let t(r) = 2*r**2 - r + 1. Let h = -25 + 30. Is t(h) a composite number?
True
Let k = 9 - 6. Suppose 2*c - 381 = -k*n - 2*c, 134 = n - c. Is n composite?
False
Let n(w) = 7*w**3 + 2*w**2 + w + 7. Is n(3) composite?
True
Suppose -l - 2*k + 2151 = 0, 8*l - 4*l + k = 8639. Is l a composite number?
False
Suppose 3*p - s = 5, -4*p - 5*s = -8*p - 8. Suppose p*a = 4*a - 3. Suppose 55 = g - a*w, -2*g - w = -48 - 62. Is g a prime number?
False
Suppose 6*v - 4 = 2*v. Let c be (-26)/6 + v/3. Is (c - -7)*83/3 composite?
False
Let h(y) = 3*y**2 - 5*y + 5. Suppose 2*z = 4 + 22. Let t = z + -8. Is h(t) prime?
False
Let k be 1*(1 - 6/(-3)). Suppose 4*y = -k*p + 48, -5*p = -2*y + 6*y - 48. Suppose 2*q - 26 = 4*g + y, -4*g = 20. Is q prime?
False
Let z(o) = -2*o - 6. Let f be z(-4). Suppose 3*t + 385 = 8*t. Is (f - 0) + 1*t prime?
True
Let b = 402 - -148. Suppose -b - 329 = -3*p. Is p composite?
False
Let p = -1303 + 2834. Is p prime?
True
Let l(p) = -p**2 + p. Let r be l(0). Let q be (r - (-1 - 1))/(-1). Is (-2 + -45)*(q + 1) a prime number?
True
Let t(l) be the second derivative of -4*l**3 + 5*l**2/2 - 5*l. Is t(-6) a prime number?
True
Let j be 1 + (-1)/(1/(-345)). Suppose 5*i - 244 = i. Suppose -3*u = i - j. Is u a composite number?
True
Suppose -20 - 2 = -k. Suppose 2*a + 0*t = -4*t + k, t = 4. Suppose -74 = -a*u + u. Is u a prime number?
True
Let i = -7 - -33. Suppose 9 = f - i. Is f composite?
True
Let g(v) = 5*v**2 - 5*v - 1. Let r be g(6). Let n = r - 70. Is n a prime number?
True
Suppose 8*z - 3*z = 1535. Is z composite?
False
Is ((-14)/(-28))/(2/844) composite?
False
Is 26*5/(40/52) a prime number?
False
Let l = -4 - -8. Suppose 2*r = -2*r. Suppose t + 3*v - 68 = r, l*v + 8 = -4. Is t prime?
False
Let j = 5 - -2. Suppose -4*d - 39 = -j*d. Is d a composite number?
False
Suppose 4*j - 3337 = -645. Is j prime?
True
Suppose c = -51 + 353. Let h = c - -40. Is (1/(-2))/((-9)/h) a prime number?
True
Is 12/(-54) - 36105/(-27) a composite number?
True
Let w = 700 + -321. Is w a composite number?
False
Is (-8)/(-2) + 158 + -7 a prime number?
False
Let t(l) be the third derivative of 1/6*l**3 + 0*l + 1/8*l**4 + 4/15*l**5 + 0 + 3*l**2. Is t(-2) a prime number?
True
Let g(q) = q**2 - q + 6. Let m be g(6). Let y be m/(-5) - (-5)/25. Let j(z) = -z**2 - 14*z - 2. Is j(y) a composite number?
False
Is 1257*((-12)/18 + 1) composite?
False
Is 15691/51 - 4/6 composite?
False
Let t be 18 + 2 - (-2 - 0). Is t/(1/17*2) prime?
False
Suppose -2*z - 4*r = -z - 449, 1347 = 3*z + 2*r. Is z a composite number?
False
Let k = -44 - 68. Suppose -77 = 5*v + 58. Let z = v - k. Is z prime?
False
Let j = -256 + 1601. Is j a composite number?
True
Is (10420/(-8))/((-6)/12) prime?
False
Suppose -t + 3 = 0, -4*b + 2*t - 6 = -5*b. Suppose b = 3*u - 222 - 261. Is u a prime number?
False
Is 1/((-2)/4)*(-2019)/6 a prime number?
True
Let v(t) = t**3 - 14*t**2 - 3*t + 14. Is v(15) composite?
True
Let d = 14 - -105. Is d